hundreds digit of 4469853?
8
What is the tens digit of 34912?
1
What is the ten thousands digit of 375571?
7
What is the hundred thousands digit of 2032124?
0
What is the millions digit of 3893025?
3
What is the ten thousands digit of 1214255?
1
What is the thousands digit of 958019?
8
What is the hundred thousands digit of 18780869?
7
What is the units digit of 889035?
5
What is the units digit of 209603?
3
What is the units digit of 332436?
6
What is the units digit of 344050?
0
What is the units digit of 139533?
3
What is the millions digit of 4374985?
4
What is the hundred thousands digit of 131947?
1
What is the units digit of 1185267?
7
What is the hundreds digit of 605885?
8
What is the hundred thousands digit of 187942?
1
What is the units digit of 6285271?
1
What is the hundred thousands digit of 3620149?
6
What is the millions digit of 10058344?
0
What is the thousands digit of 241849?
1
What is the tens digit of 187381?
8
What is the ten thousands digit of 472658?
7
What is the hundreds digit of 245728?
7
What is the hundred thousands digit of 757156?
7
What is the hundreds digit of 2359760?
7
What is the thousands digit of 71330?
1
What is the thousands digit of 2188699?
8
What is the hundred thousands digit of 8492860?
4
What is the units digit of 707834?
4
What is the units digit of 685485?
5
What is the thousands digit of 16185046?
5
What is the hundred thousands digit of 244418?
2
What is the units digit of 8044043?
3
What is the ten thousands digit of 69986?
6
What is the thousands digit of 216146?
6
What is the hundred thousands digit of 3607970?
6
What is the hundreds digit of 27075894?
8
What is the units digit of 3980222?
2
What is the ten thousands digit of 164831?
6
What is the units digit of 7234309?
9
What is the millions digit of 10645986?
0
What is the hundred thousands digit of 23210798?
2
What is the thousands digit of 1936374?
6
What is the units digit of 468418?
8
What is the ten thousands digit of 4512364?
1
What is the millions digit of 24064176?
4
What is the hundred thousands digit of 400801?
4
What is the units digit of 620995?
5
What is the hundred thousands digit of 404035?
4
What is the hundred thousands digit of 288677?
2
What is the hundreds digit of 952621?
6
What is the hundred thousands digit of 1640646?
6
What is the tens digit of 183312?
1
What is the ten thousands digit of 502421?
0
What is the units digit of 6317285?
5
What is the thousands digit of 487933?
7
What is the tens digit of 2659091?
9
What is the units digit of 1675639?
9
What is the millions digit of 10718039?
0
What is the thousands digit of 144377?
4
What is the units digit of 373604?
4
What is the tens digit of 1505038?
3
What is the tens digit of 79452?
5
What is the thousands digit of 3516542?
6
What is the tens digit of 113097?
9
What is the hundreds digit of 159800?
8
What is the millions digit of 1312334?
1
What is the hundreds digit of 36584?
5
What is the hundred thousands digit of 5890138?
8
What is the tens digit of 145189?
8
What is the hundred thousands digit of 342693?
3
What is the hundred thousands digit of 158255?
1
What is the thousands digit of 1224996?
4
What is the tens digit of 33987?
8
What is the hundreds digit of 2922351?
3
What is the millions digit of 5886256?
5
What is the millions digit of 1984253?
1
What is the units digit of 2489184?
4
What is the millions digit of 2882876?
2
What is the millions digit of 1593740?
1
What is the tens digit of 24856?
5
What is the hundred thousands digit of 6367110?
3
What is the thousands digit of 833182?
3
What is the hundreds digit of 710873?
8
What is the ten thousands digit of 2664409?
6
What is the hundred thousands digit of 185500?
1
What is the units digit of 45575?
5
What is the hundred thousands digit of 231437?
2
What is the thousands digit of 19186666?
6
What is the ten thousands digit of 81669?
8
What is the thousands digit of 109667?
9
What is the tens digit of 21656943?
4
What is the tens digit of 120134?
3
What is the units digit of 2845409?
9
What is the thousands digit of 5456?
5
What is the ten thousands digit of 11359071?
5
What is the ten thousands digit of 901394?
0
What is the tens digit of 12129701?
0
What is the hundred thousands digit of 5806805?
8
What is the hundred thousands digit of 1085768?
0
What is the hundreds digit of 1949650?
6
What is the hundred thousands digit of 807813?
8
What is the hundreds digit of 7726873?
8
What is the hundreds digit of 585596?
5
What is the millions digit of 16127597?
6
What is the millions digit of 1635871?
1
What is the hundreds digit of 792457?
4
What is the hundreds digit of 2228347?
3
What is the thousands digit of 4115035?
5
What is the hundreds digit of 3371617?
6
What is the units digit of 311424?
4
What is the hundred thousands digit of 294969?
2
What is the ten thousands digit of 1075425?
7
What is the hundred thousands digit of 1259576?
2
What is the units digit of 1348532?
2
What is the ten thousands digit of 21507934?
0
What is the hundreds digit of 98732?
7
What is the units digit of 9995363?
3
What is the hundreds digit of 5391560?
5
What is the thousands digit of 428907?
8
What is the units digit of 788874?
4
What is the thousands digit of 10128369?
8
What is the tens digit of 314093?
9
What is the tens digit of 199879?
7
What is the ten thousands digit of 4477014?
7
What is the units digit of 6216981?
1
What is the tens digit of 39646807?
0
What is the hundred thousands digit of 2298351?
2
What is the millions digit of 24742157?
4
What is the hundreds digit of 181922?
9
What is the hundreds digit of 33889?
8
What is the ten millions digit of 24297146?
2
What is the ten thousands digit of 7769601?
6
What is the hundreds digit of 6351561?
5
What is the hundred thousands digit of 313565?
3
What is the units digit of 19938618?
8
What is the thousands digit of 754347?
4
What is the units digit of 2274861?
1
What is the thousands digit of 4312021?
2
What is the thousands digit of 25315120?
5
What is the thousands digit of 2002022?
2
What is the thousands digit of 19192145?
2
What is the ten thousands digit of 4465794?
6
What is the hundred thousands digit of 161265?
1
What is the tens digit of 37177?
7
What is the ten thousands digit of 7539390?
3
What is the ten thousands digit of 792509?
9
What is the units digit of 31037337?
7
What is the ten thousands digit of 454724?
5
What is the millions digit of 1034017?
1
What is the units digit of 2337866?
6
What is the thousands digit of 227369?
7
What is the tens digit of 1122598?
9
What is the hundreds digit of 350623?
6
What is the hundreds digit of 872741?
7
What is the thousands digit of 732963?
2
What is the units digit of 799415?
5
What is the tens digit of 48101?
0
What is the hundreds digit of 88030?
0
What is the tens digit of 1940537?
3
What is the hundreds digit of 1314135?
1
What is the hundred thousands digit of 637399?
6
What is the units digit of 117051?
1
What is the units digit of 1243195?
5
What is the thousands digit of 24360970?
0
What is the units digit of 250174?
4
What is the ten thousands digit of 1601077?
0
What is the tens digit of 39805?
0
What is the tens digit of 1461304?
0
What is the units digit of 2041982?
2
What is the hundreds digit of 10828860?
8
What is the tens digit of 9411073?
7
What is the ten thousands digit of 2432344?
3
What is the thousands digit of 4603740?
3
What is the millions digit of 2583605?
2
What is the hundreds digit of 3217648?
6
What is the ten thousands digit of 1074341?
7
What is the hundreds digit of 1701320?
3
What is the hundred thousands digit of 312153?
3
What is the millions digit of 1213414?
1
What is the ten millions digit of 10479728?
1
What is the tens digit of 114009?
0
What is the hundred thousands digit of 826299?
8
What is the hundred thousands digit of 3499974?
4
What is the units digit of 565531?
1
What is the hundreds digit of 838695?
6
What is the millions digit of 1907418?
1
What is the units digit of 728840?
0
What is the units digit of 1262688?
8
What is the tens digit of 3266601?
0
What is the tens digit of 7797017?
1
What is the hundred thousands digit of 656032?
6
What is the hundreds digit of 1765143?
1
What is the millions digit of 8171260?
8
What is the thousands di